 Let y = 3 - -2. Let l = y - -3. Let d be ((-12)/l)/((-1)/(-2)). Calculate q(d).
6
Let w(h) be the first derivative of h**2/2 - 90. Suppose -3*b = -8*b + 10. Calculate w(b).
2
Suppose -8*y + 4*y = 0. Suppose 5*k - 4*n - 34 = y, -4*k = -2*k + 4*n - 8. Let m(c) = c**2 - 5*c. What is m(k)?
6
Let x(r) = -3*r + 2*r - r - 1. Suppose 5*s - 1 = -16. Give x(s).
5
Let a(r) = -7*r**2 - 2*r - 1. Let v(d) = 29*d**2 + 8*d + 4. Let c(x) = 9*a(x) + 2*v(x). Let f be 6/33 - 26/22. Determine c(f).
-4
Let s(o) be the first derivative of o**3/3 + 2*o**2 - 10*o - 4. Give s(-7).
11
Suppose -p - b = -6*b - 9, -5*p + 24 = -4*b. Let k(g) = -2*g**2 - g + g**3 - 2*g**2 + 2 + 3. Determine k(p).
1
Suppose g = 2*g - 5. Let s(y) = -4*y**2 - 5*y**3 + 3*y**3 - y**3 + 2*y**3 + 6*y + g. Give s(-5).
0
Let t(o) = -2 - 3*o**3 - 1 + 3*o**2 + 2*o + 2*o**3 + 0*o. Give t(2).
5
Let f(y) = y. Let t be f(1). Let a(b) = 2*b + 0*b + 2*b - 2*b - t. Suppose 1 = 5*d + 6. Give a(d).
-3
Suppose 0 = 9*v - 5*v - 24. Let i be (2 - -1*1) + 0. Let x(j) = 0*j - j**i + 5*j**2 - v*j - 1 + 3. Calculate x(4).
-6
Let s(q) be the third derivative of 1/24*q**4 + 0 + 0*q - 2*q**2 - 7/60*q**5 + 1/6*q**3. Determine s(-1).
-7
Suppose 56 - 40 = -4*d. Let h(o) be the third derivative of o**4/24 + o**3/6 - o**2. Calculate h(d).
-3
Let f(x) = 3*x - 57. Let o be f(18). Let l(j) = j**3 + 2*j**2 + 4. Determine l(o).
-5
Let i(l) = l**2 + 4*l - 3. Suppose 2*w + 2*u + 20 = -3*w, -2*w - 4*u = 8. Calculate i(w).
-3
Let o(b) be the third derivative of 0 - 1/24*b**4 + 0*b + 1/2*b**3 + 2*b**2. What is o(3)?
0
Let h(o) = -o - 1. Let r be h(-2). Let p(m) = -2*m**3 + 2*m - 1. Determine p(r).
-1
Let m(f) be the second derivative of f**3/6 - 8*f. Let t = -3 - -6. Give m(t).
3
Let i be (-3 - (-11)/3)*9. Let f(s) = -4*s - 8*s - i - s + 10*s. Determine f(-4).
6
Let n(c) = 7 + 2*c - c**3 + 0*c + 0*c - 5*c**2 + 4*c. Let f be ((-12)/(-14))/(1/(-7)). What is n(f)?
7
Suppose -14 = -2*z - 2*a, 2*z = 3*z - a - 1. Let x be (-2 - 4) + z + -2. Let h(o) = -o - 2. What is h(x)?
2
Let r(p) = 3*p - 8. Let k(b) = -b + 3. Let f(m) = 11*k(m) + 4*r(m). Calculate f(-1).
0
Let i be 1 + -7 - -1*2. Let k(o) = 4*o + 5. Let m(p) = 3*p + 5*p - 1 + 12. Let z(d) = i*m(d) + 9*k(d). Give z(-1).
-3
Suppose 5*c = -4*i + 27 + 32, 3*i + 52 = 5*c. Let u(n) = n - 12. Calculate u(c).
-1
Let b(q) = -1 + 4*q**2 - q**3 + 2*q**3 + 0*q**2. Let n be (15/4)/(1/(-4)). Let l = n + 11. Give b(l).
-1
Let p(q) = -q**2 + 4*q + 6. Let m(k) = 3*k**2 - 11*k - 17. Let c(h) = -4*m(h) - 11*p(h). Determine c(2).
-2
Let i(b) be the first derivative of -11*b**4/4 + b**2/2 + 6. Give i(1).
-10
Let f(m) be the first derivative of m**2/2 + 4. Give f(-6).
-6
Let y(j) = 1 + 0 + 0 - j. Let s(i) = -i**2 + 8*i + 3. Let l be s(7). Let b = -15 + l. Calculate y(b).
6
Let g be (-7)/(-3) + 1/(-3). Let h(v) = v**2 - 1. Let z(t) = 4*t**2 - t - 4. Let f(y) = -5*h(y) + z(y). What is f(g)?
-5
Let b(l) be the third derivative of -l**5/60 - l**4/3 - 5*l**3/6 + 17*l**2. Calculate b(-5).
10
Suppose 5*z + 28 - 3 = 0. Let x(s) = s + 10. Give x(z).
5
Let s(i) be the second derivative of -i**4/12 + i**3 - 3*i**2/2 + 7*i. Calculate s(5).
2
Let h(a) = 12*a + 2. Suppose -2*w = -3*m - 31, -w + m = w - 21. Let k(r) = -w*r + 8*r + 2 + 11*r. Let z(l) = -6*h(l) + 7*k(l). What is z(-2)?
-8
Let h(q) be the second derivative of q**4/12 + q**3 + q**2/2 - q. Let w(k) be the third derivative of k**4/24 + k**3/2 + 3*k**2. Let n be w(-7). Calculate h(n).
-7
Let t(b) = 28*b - 5*b**2 - 8*b**2 + 1 - 29*b. Determine t(1).
-13
Let i(q) be the second derivative of q**5/40 + q**3/3 - 2*q. Let g(l) be the second derivative of i(l). Let u be (3 - 26/8)*-4. What is g(u)?
3
Let x(j) = -10*j - 2. Let g(c) = 29*c + 5. Let v(k) = 4*g(k) + 11*x(k). Let b(h) = -h. Let t(w) = -4*b(w) - v(w). Give t(-2).
6
Let m(q) = q**2 + 4*q + 4. Let i(u) = u**2 + 11*u + 2. Let y = -2 - 9. Let p be i(y). Suppose -10 = 2*c - p*x, 0 = c - 6*x + x + 9. Give m(c).
4
Let w be 2/8 - 14/(-8). Let y be 0/(w - (-3)/(-1)). Let d(k) = -7*k**2 + 2*k + 5. Let q(x) = 11*x**2 - 3*x - 8. Let z(h) = 8*d(h) + 5*q(h). Give z(y).
0
Suppose 3*m - 3 = -3*s, 11 = s - 3*m + 2*m. Let w(b) be the third derivative of -b**6/120 + b**5/12 + 7*b**4/24 - 5*b**3/6 + 6*b**2. Determine w(s).
1
Let c(j) = -j**3 + 5*j**2 - 4*j - 3. Let n(z) = 3*z**3 - 5*z**2 - 6 - 4*z**3 - 5*z + 3*z. Let x be n(-5). Calculate c(x).
-3
Suppose -5*w - 55 = -5*k, -4*w - 50 = -4*k - k. Let l(q) = -7 + 5*q + 6 - k*q - 6. Calculate l(-5).
-2
Let c = -15 + 12. Let i(d) = -2 + 0 + 4 + 3*d. Calculate i(c).
-7
Let t(i) = -7*i + 3. Let y(o) = 8*o - 3. Let m(v) = 3*t(v) + 2*y(v). What is m(2)?
-7
Let p(t) = 2*t**2 - 4*t + 3. Let y(g) = -g**2 + 3*g - 3. Let m(n) = -2*p(n) - 3*y(n). Determine m(3).
-9
Let u(l) = -11*l**2 + 26*l**2 - 14*l**2. Determine u(2).
4
Let b(u) = u**3 - 6*u**2 - 5*u + 2. Suppose 0*h + 3*h + r = 18, -3*h + 36 = -5*r. Determine b(h).
16
Let k(w) = w**2 - 4*w - 4. Let z = -59 - -36. Let c = z - -27. What is k(c)?
-4
Let d(n) = 7*n - 1. Suppose 0 = 3*p - 6 - 0. Give d(p).
13
Let c = 50 + -41. Let a(i) = i**2 - 10*i - 6. Calculate a(c).
-15
Let n(a) = a + 0 + 0 + 0 - 2. Determine n(-5).
-7
Let w(v) = v**2 + 13*v + 15. Let y be w(-12). Let g(f) be the second derivative of -3/4*f**4 + f - 1/2*f**2 + 0*f**y + 0. Determine g(1).
-10
Let v(q) = q**3 - 13*q**2 + 2*q - 13. Let m(r) = -r**3 + 7*r**2 - r + 7. Let i(g) = -11*m(g) - 6*v(g). Let t be 9/6*2/3. Determine i(t).
6
Let d = 14 - 14. Let w(g) = 2*g**2 - g**3 + 2*g**2 + 6 - 3*g**2 - g. What is w(d)?
6
Suppose -5 = 3*z - 4*j, 5*z + j - 4 = 3. Let y(b) = -b**2 - 2*b + 1. What is y(z)?
-2
Let i(t) = -t**2 + t. Let h(m) = -m**3 + 4*m**2 - m + 5. Let z be h(4). Let d(k) = -k**2 + k. Let f(a) = z*i(a) - 2*d(a). Determine f(1).
0
Let m(h) = -h**3 - 3*h**2 - 2*h + 2. Let f(w) = w + 10. Let y be f(-12). Let d be (7 + (-2 - 1))/y. Determine m(d).
2
Let y(j) = -j**3 - 8*j**2 - 4*j - 9. Let o(z) = z**3 + 7*z**2 + 5*z + 8. Let f(h) = 3*o(h) + 2*y(h). Determine f(-4).
-6
Let o(k) = k**2. Let f be o(2). Suppose -8*d = -3*d - 40. Let z(l) = -4*l**2 - l**3 + 2 + 6*l - 9*l + d*l**2. Determine z(f).
-10
Suppose -7 - 2 = -3*u. Let g(n) = -n**2 + 2*n + 3. What is g(u)?
0
Let g be -2 + 151/30 - 3. Let u(x) be the third derivative of x**2 - 1/6*x**3 - 1/24*x**4 + 0 + 0*x - g*x**5. Calculate u(-1).
-2
Let a(l) = l**3 + 6*l**2 + 8*l + 8. Let h be a(-5). Let o(i) = i + 3. What is o(h)?
-4
Let g(k) = 2 + 0 - k + 1 + 3*k. Let f(y) = -y**2 + y - 2. Let h be f(0). Give g(h).
-1
Let t(x) = x**3 + x**2 - 3*x - 7. Let y(u) = 3*u**3 + 4*u**2 - 10*u - 20. Let m(l) = -8*t(l) + 3*y(l). Suppose -6 - 14 = 4*r. Determine m(r).
1
Let a(k) = 13*k**2 - 17*k + 9. Let r(x) = 7*x**2 - 9*x + 5. Let g = -19 - -13. Let h(o) = g*a(o) + 11*r(o). Calculate h(4).
-3
Let v(r) = 3*r. Let l(a) = -10*a - 1. Let q(u) = 2*l(u) + 7*v(u). What is q(-5)?
-7
Let r(o) be the first derivative of -o**4/2 + 2*o**3/3 + 2*o + 13. Calculate r(2).
-6
Suppose 6 = -2*f + 5*f. Let s(z) = 7 - z**f + 6*z + z + 8*z**2 + z**3 - z. Determine s(-6).
7
Let r be 0 + -4 - (-40 + 27). Let w(j) = -j**2 + 9*j + 6. Determine w(r).
6
Let t(n) = -n + 12. Let z be t(5). Let y(k) = -6*k**3 - 7*k**2 + 8*k + 6. Let c(f) = 6*f**3 + 6*f**2 - 7*f - 5. Let d(w) = z*c(w) + 6*y(w). Calculate d(1).
6
Suppose -68*v - 8 = -72*v. Let h(t) = t**3 + 2*t**2 - 2*t - 2. Calculate h(v).
10
Let m(i) = -i + 7. Suppose -11*a + 9*a + 18 = 0. Calculate m(a).
-2
Let f(w) be the first derivative of -w**2 - w + 1. Let d be 5/((-15)/(-6)) + 8. Suppose -d*m + 13*m = 6. Determine f(m).
-5
Let w(n) be the third derivative of 1/20*n**5 + 0 + 3*n**2 + 0*n + 1/120*n**6 + 1/8*n**4 + 1/3*n**3. Let m be 3*(0 + (1 - 2)). Determine w(m).
-7
Let w(q) = -q**3 + 4*q**2 + q**2 + 0 + q + 6. Let j be 4*6/(-8)*10/(-6). Give w(j).
11
Let o(h) = h - 1. Let t be (1/2)/(4/(-88)). Let r(d) = 3 + d**2 + 28*d - 3 + 1 - 17*d. Let z be r(t). Determine o(z).
0
Let u(k) = k. Let j be u(-6). Let v(a) be the first derivative of -a**3/3 - 7*a**2/2 - 8*a - 3. Calculate v(j).
-2
Let w(s) be the third derivative of s**5/120 + s**4/12 + s**3/2 - 3*s**2. Let x(v) be the first derivative of w(v). Determine x(0).
2
Let y(i) = -5*i + 1. Suppose -4*a = 4*a + 16. Determine y(a).
11
Let z(x) = x**2 - 2. Let a = -13 - 